t is the greatest common divisor of y and 24?
3
Let r = -78 - -123. Let h = -24 + r. Calculate the highest common factor of 14 and h.
7
Suppose 2*p - u + 1 = 6*p, 5*u = -15. Suppose -f - 2*b + 1 + 8 = 0, -5*f + b + p = 0. What is the greatest common divisor of f and 8?
1
Let o = 233 - 95. Calculate the greatest common divisor of 92 and o.
46
Let a be ((-2)/6)/((-2)/(-6)). Let f be 0 - (a + 108/(-2)). Suppose f = 2*n - 57. Calculate the highest common factor of n and 8.
8
Let s be (2 - (-100)/(-55)) + 357/33. Suppose 0 = -f - 2*f. Suppose f*k - 4*k = -44. What is the highest common divisor of s and k?
11
Let q be (7/2 - 1)/(10/160). What is the greatest common factor of 5 and q?
5
Let d(r) = 7*r**2 - 2. Let f be d(-2). Suppose -5*c - 22 = -i, 0*c - 4*c - f = 2*i. Let h be c/(((-6)/4)/3). Calculate the greatest common factor of h and 90.
10
Suppose d - 2 + 4 = 0, x = 3*d + 45. Calculate the highest common factor of x and 3.
3
Suppose -2*i + 68 = 4*m, -3*m - 5*i = -2*m + 1. Suppose 285 = 3*o + 2*o. Calculate the highest common factor of m and o.
19
Suppose -3*m + 2 + 4 = 0. Let t be 4 + (-2)/2 - -7. What is the greatest common factor of m and t?
2
Let q(y) = y**2 + y + 1. Let n be 6/9*(-3 + 0). Let m be q(n). Suppose -10 = -5*v, -5*a + 2*v + 72 = -74. Calculate the highest common divisor of a and m.
3
Let n be (12/9)/((-3)/(-9)). Suppose -s = -n*s + 6. What is the highest common factor of s and 16?
2
Let m(y) = y**3 - 9*y**2 + 11*y - 12. Let k be m(8). Let t be (33 - 1 - -3) + 1. What is the greatest common factor of k and t?
12
Let v(s) = 14*s. Let m be v(3). What is the highest common factor of m and 56?
14
Suppose 3 + 6 = g. Let y = -19 + g. Let h be (14 - -4)*y/(-4). What is the greatest common factor of h and 5?
5
Let l be (-5)/((-15)/2)*18. Suppose -645 = -5*a - 3*p, p = -a + 2*p + 137. Calculate the highest common factor of l and a.
12
Let l = -13 - -20. Let j(g) = 2*g**2 - 9*g - 1. Let b be j(l). What is the greatest common divisor of b and 51?
17
Suppose 5*d + 165 = 5*a, 10 = 4*a + 2*d - 98. Let x = -74 + a. Let u be 65*3/(x/(-12)). What is the highest common divisor of 13 and u?
13
Let g be 3 + 2/(8/(-4)). Calculate the highest common factor of 5 and g.
1
Suppose -4*y + 2 = h - 5*y, 3 = 2*h - 3*y. What is the greatest common divisor of 15 and h?
3
Suppose -5*j = 4*h - 378 - 160, 2*h = -4*j + 272. Suppose 0*o + h = 2*o. What is the highest common factor of 6 and o?
6
Suppose -s - 1 + 13 = 0. Calculate the greatest common divisor of 12 and s.
12
Suppose -2*f - 2*f + 20 = 0, -2*x - 3*f = -81. Calculate the highest common divisor of x and 3.
3
Let m(k) = -13*k**3 + k**2. Let t be m(-1). Let v(d) = d**3 - 8*d**2 + 1. Let o be v(8). Suppose 0 = -y - o + t. What is the greatest common factor of y and 78?
13
Let n be 17 - 2 - (-6)/30*0. What is the highest common divisor of 60 and n?
15
Let f(g) = 14*g**3 - 4*g**2 + 4*g - 2. Let i be f(2). Calculate the greatest common divisor of 34 and i.
34
Let s = 58 - 37. Let g be ((-104)/6)/((-7)/s). Calculate the greatest common factor of g and 78.
26
Let p(u) = -u + 62. Let c be p(0). Suppose 14 - c = -3*s. Calculate the highest common factor of 48 and s.
16
Let h = -22 - -42. Suppose -y - h = -6*y. Let b be 29 - y - (1 + 0). Calculate the greatest common factor of b and 36.
12
Suppose 2*n - 7*n = 140. Let j = -19 - n. What is the highest common divisor of j and 72?
9
Suppose 3*z = 20*z - 374. What is the highest common factor of z and 198?
22
Suppose 5*y - 421 = 2*w, -w + 172 = 2*y - 0*y. What is the greatest common divisor of y and 17?
17
Suppose -2*m + q = -5*m + 1, 4*m = -q + 2. What is the greatest common factor of m and 5?
1
Suppose 0 = 2*i - 5*f - 55, 25 = -3*i + 5*i + 5*f. Calculate the highest common divisor of 20 and i.
20
Let z(r) = r**2 - 2*r - 2. Let h be z(5). Calculate the highest common factor of h and 130.
13
Suppose -8 = 2*o - 6*o. Suppose -4*r + 1 = -7. Calculate the highest common divisor of r and o.
2
Let k = 14 + -4. Calculate the greatest common divisor of 80 and k.
10
Let c(u) = -5*u + 20. Let a be c(-17). Calculate the highest common factor of 42 and a.
21
Let a be -1*(-3 - -1) + 2. Suppose a*i - f = -2*f + 14, 0 = -3*i + f + 14. Calculate the greatest common divisor of i and 28.
4
Suppose -c = -4*r - 28, 2 = 4*r + 10. What is the greatest common divisor of 220 and c?
20
Let m = -20 + 28. Suppose -4*q + 7*q = -63. Let f = 61 + q. Calculate the highest common divisor of m and f.
8
Suppose -2*l = -6*l + 12. Suppose 4 = l*u - 2*u. Let n be 1/u - 21/(-12). Calculate the highest common factor of n and 16.
2
Suppose -d + 3*t - 7*t + 30 = 0, -15 = 5*t. Calculate the highest common divisor of d and 63.
21
Suppose 3*z + 22 = 2*z - 4*h, -2*z = -2*h + 4. Let i(w) = -w - 3. Let d be i(z). Let a = 1 - 0. What is the highest common factor of a and d?
1
Let i be 15 - 7/((-35)/(-10)). Let l = 150 + -98. What is the greatest common factor of l and i?
13
Let z(u) = -10*u - 33. Let g be z(-4). What is the greatest common factor of 49 and g?
7
Suppose 5*x - 4*x + 5 = 0. Let n(s) = s**3 + 10*s**2 + 6*s - 7. Let i be n(x). Calculate the greatest common divisor of i and 8.
8
Let z = 75 + -31. Suppose -2*p - 4 = -5*b, 5*p - b = -2*b + 17. Suppose -5*s + 11 = 3*k - 4*k, 4*s = -p*k + 24. Calculate the greatest common factor of z and k.
4
Suppose -4*x - 15 = -7*x. Suppose 8*q - 184 - 840 = 0. Suppose q = -s + x*s. What is the greatest common divisor of 48 and s?
16
Let a be (-3)/(((-14)/(-56))/((-2)/12)). Suppose u + 5 = 2*u. Calculate the greatest common factor of a and u.
1
Let c(o) = -106*o**3 - 3*o**2 - o. Let r be c(-1). What is the greatest common divisor of r and 156?
52
Suppose -5*w - 5 = -5*o, 4*w - 7 = o - w. What is the greatest common factor of 18 and o?
3
Let d(a) = a**2 - 6*a - 9. Let u be d(-6). Suppose -l + 0*l = 0. Suppose -g - 38 = 3*j - 7*j, 4*j + 5*g - 26 = l. What is the highest common factor of j and u?
9
Let n = 7 - 9. Let x(q) = -8*q**2 - 2*q - 1. Let d be x(n). Let c = d - -45. What is the highest common factor of c and 48?
16
Let i(p) = -p**3 - 4*p**2 + p - 5. Let f be i(-5). Calculate the greatest common factor of f and 15.
15
Let h be ((-56)/(-12))/(3/(27/6)). Suppose 0 = -3*g + 4*g - 5. Suppose g*s = 3*s + 70. Calculate the highest common divisor of h and s.
7
Let d = 105 + -99. What is the highest common factor of 30 and d?
6
Suppose 3*z + 4 = w, 0*z - z + w - 4 = 0. Suppose -4*g + z*g + 40 = 0. Let b = -89 + 159. What is the greatest common divisor of g and b?
10
Let q = -6 - -11. Suppose -5*t + 2*t + f = -34, -2*t + q*f = -40. Calculate the highest common divisor of 70 and t.
10
Let z be (-4 + 5)/(1/5). Suppose m + 1 = j - 0*m, -z*j + 17 = -m. Calculate the highest common divisor of j and 1.
1
Let y(n) be the second derivative of n**3/6 + 5*n**2/2 + 4*n. Let i be y(7). What is the highest common factor of i and 12?
12
Suppose 3*b - 31 = 59. Let a(t) = 15*t + 6. Let o(j) = -10*j - 4. Let n(x) = -5*a(x) - 7*o(x). Let p be n(-1). What is the highest common divisor of p and b?
3
Suppose 4 = -0*x + x. Calculate the greatest common divisor of 4 and x.
4
Let h = -423 - -729. Calculate the greatest common factor of 34 and h.
34
Suppose -28 = -3*b - 5*i, 2*b - 5*i + 8 = -3*i. Calculate the highest common factor of 2 and b.
1
Suppose 2*m + 3*m = 105. Suppose -3*b - 30 = -13*b. Calculate the greatest common divisor of m and b.
3
Let g = -2 - -4. Suppose 3*s + 12 = g*q - 8, q + 2*s = 10. What is the highest common divisor of q and 1?
1
Let w(s) = 210*s + 1. Let f be w(2). Suppose -19 = -4*q + f. Let a = -23 - -34. Calculate the highest common factor of q and a.
11
Let i = 45 - 27. Suppose -4*x = -h + 102, -h + 5 + 88 = -x. What is the greatest common factor of i and h?
18
Let u be (-10 - -8)/(2/(-24)). Calculate the highest common divisor of u and 48.
24
Let a = 6 - 4. Let q be 27/4 - a/(-8). Calculate the greatest common factor of 21 and q.
7
Suppose 19*g - 16*g - 63 = 0. Let k = 6 - 3. What is the highest common factor of k and g?
3
Let t(x) = -x**3 + x**2 + 22. Let v be t(0). Suppose 2*w + n = -0*w + 35, -w = 2*n - v. Calculate the highest common factor of 40 and w.
8
Let g(h) = -23*h - 28. Let c be g(-2). Calculate the highest common divisor of 12 and c.
6
Let a(y) = -y**2 + 7*